{"id":68,"date":"2022-02-10T20:21:27","date_gmt":"2022-02-10T19:21:27","guid":{"rendered":"http:\/\/valmy1792.org\/?page_id=68"},"modified":"2022-03-04T19:07:29","modified_gmt":"2022-03-04T18:07:29","slug":"procedure","status":"publish","type":"page","link":"https:\/\/valmy1792.org\/?page_id=68","title":{"rendered":"Proc\u00e9dure"},"content":{"rendered":"\n<p><strong>Proc\u00e9dure d\u2019admission.<\/strong><\/p>\n\n\n\n<p>Cette proc\u00e9dure peut \u00eatre longue en lien avec de nombreux aller-retour.<\/p>\n\n\n\n<p>Le pr\u00e9sident de la <a href=\"https:\/\/valmy1792.org\/?page_id=26\">loge<\/a> choisie prend contact avec le demandeur afin d\u2019avoir une premi\u00e8re id\u00e9e de sa volont\u00e9 d\u2019adh\u00e9sion.<\/p>\n\n\n\n<p>Ensuite le pr\u00e9sident propose la candidature \u00e0 l\u2019ensemble des membres.<\/p>\n\n\n\n<p>Trois membres prendront alors contact avec le demandeur pour un rendez-vous d\u2019environ 90 minutes.<\/p>\n\n\n\n<p>Ceci fait, le demandeur est convi\u00e9 \u00e0 un interrogatoire collectif.<\/p>\n\n\n\n<p>A la suite, la d\u00e9cision d\u2019admission est prise ou non.<\/p>\n\n\n\n<p>En cas d&rsquo;accord, le demandeur est convoqu\u00e9 pour son admission.<\/p>\n\n\n\n<p>Cette admission est une c\u00e9r\u00e9monie assez traditionnelle.<\/p>\n","protected":false},"excerpt":{"rendered":"<p>Proc\u00e9dure d\u2019admission. Cette proc\u00e9dure peut \u00eatre longue en lien avec de nombreux aller-retour. Le pr\u00e9sident de la loge choisie prend contact avec le demandeur afin d\u2019avoir une premi\u00e8re id\u00e9e de sa volont\u00e9 d\u2019adh\u00e9sion. Ensuite le pr\u00e9sident propose la candidature \u00e0 l\u2019ensemble des membres. Trois membres prendront alors contact avec le demandeur pour un rendez-vous d\u2019environ [&hellip;]<\/p>\n","protected":false},"author":1,"featured_media":167,"parent":0,"menu_order":0,"comment_status":"closed","ping_status":"closed","template":"","meta":{"footnotes":""},"class_list":["post-68","page","type-page","status-publish","has-post-thumbnail","hentry"],"_links":{"self":[{"href":"https:\/\/valmy1792.org\/index.php?rest_route=\/wp\/v2\/pages\/68","targetHints":{"allow":["GET"]}}],"collection":[{"href":"https:\/\/valmy1792.org\/index.php?rest_route=\/wp\/v2\/pages"}],"about":[{"href":"https:\/\/valmy1792.org\/index.php?rest_route=\/wp\/v2\/types\/page"}],"author":[{"embeddable":true,"href":"https:\/\/valmy1792.org\/index.php?rest_route=\/wp\/v2\/users\/1"}],"replies":[{"embeddable":true,"href":"https:\/\/valmy1792.org\/index.php?rest_route=%2Fwp%2Fv2%2Fcomments&post=68"}],"version-history":[{"count":3,"href":"https:\/\/valmy1792.org\/index.php?rest_route=\/wp\/v2\/pages\/68\/revisions"}],"predecessor-version":[{"id":139,"href":"https:\/\/valmy1792.org\/index.php?rest_route=\/wp\/v2\/pages\/68\/revisions\/139"}],"wp:featuredmedia":[{"embeddable":true,"href":"https:\/\/valmy1792.org\/index.php?rest_route=\/wp\/v2\/media\/167"}],"wp:attachment":[{"href":"https:\/\/valmy1792.org\/index.php?rest_route=%2Fwp%2Fv2%2Fmedia&parent=68"}],"curies":[{"name":"wp","href":"https:\/\/api.w.org\/{rel}","templated":true}]}}