{"id":33,"date":"2022-02-10T20:19:45","date_gmt":"2022-02-10T19:19:45","guid":{"rendered":"http:\/\/valmy1792.org\/?page_id=33"},"modified":"2022-04-23T18:26:08","modified_gmt":"2022-04-23T16:26:08","slug":"la-loge","status":"publish","type":"page","link":"https:\/\/valmy1792.org\/?page_id=33","title":{"rendered":"La Loge"},"content":{"rendered":"\n<p>La <a href=\"https:\/\/valmy1792.org\/?page_id=26\">loge<\/a> est le lieu de la vie ma\u00e7onnique, c&rsquo;est \u00e0 dire des <a href=\"https:\/\/valmy1792.org\/?page_id=29\">r\u00e9unions<\/a> de travail des francs-ma\u00e7ons.<\/p>\n\n\n\n<p>C&rsquo;est aussi la r\u00e9union de franc-ma\u00e7ons et de franc-ma\u00e7onnes d&rsquo;une m\u00eame ville<\/p>\n\n\n\n<p>Lorsque la commune est importante, il peut y avoir plusieurs <a href=\"https:\/\/valmy1792.org\/?page_id=26\">loges<\/a>.<\/p>\n\n\n\n<p>Une <a href=\"https:\/\/valmy1792.org\/?page_id=26\">loge<\/a> moyenne compte 35 membres environ.<\/p>\n\n\n\n<p>Elle se constitue l\u00e9galement en association loi de 1901 par d\u00e9p\u00f4t de ses statuts en pr\u00e9fecture.<\/p>\n\n\n\n<p>Elle s&rsquo;autogouverne en respectant la <a href=\"https:\/\/valmy1792.org\/?page_id=69\">constitution<\/a> et le <a href=\"https:\/\/valmy1792.org\/?page_id=31\">r\u00e8glement<\/a> du <a href=\"https:\/\/valmy1792.org\/?page_id=18\">Grand Orient<\/a> de France en lui adjoignant \u00e9ventuellement un <a href=\"https:\/\/valmy1792.org\/?page_id=31\">r\u00e8glement<\/a> int\u00e9rieur.<\/p>\n\n\n\n<p>Lors de sa cr\u00e9ation elle choisit parmi ceux que poss\u00e8de le <a href=\"https:\/\/valmy1792.org\/?page_id=18\">Grand Orient<\/a> le <a href=\"https:\/\/valmy1792.org\/?page_id=28\">protocole<\/a> qu&rsquo;elle souhaite suivre pour ses <a href=\"https:\/\/valmy1792.org\/?page_id=29\">r\u00e9unions<\/a>.<\/p>\n\n\n\n<p>La <a href=\"https:\/\/valmy1792.org\/?page_id=26\">loge<\/a> \u00e9lit une fois par an un(e) pr\u00e9sident(e) et des officier(e)s.<\/p>\n","protected":false},"excerpt":{"rendered":"<p>La loge est le lieu de la vie ma\u00e7onnique, c&rsquo;est \u00e0 dire des r\u00e9unions de travail des francs-ma\u00e7ons. C&rsquo;est aussi la r\u00e9union de franc-ma\u00e7ons et de franc-ma\u00e7onnes d&rsquo;une m\u00eame ville Lorsque la commune est importante, il peut y avoir plusieurs loges. Une loge moyenne compte 35 membres environ. Elle se constitue l\u00e9galement en association loi [&hellip;]<\/p>\n","protected":false},"author":1,"featured_media":173,"parent":0,"menu_order":0,"comment_status":"closed","ping_status":"closed","template":"","meta":{"footnotes":""},"class_list":["post-33","page","type-page","status-publish","has-post-thumbnail","hentry"],"_links":{"self":[{"href":"https:\/\/valmy1792.org\/index.php?rest_route=\/wp\/v2\/pages\/33","targetHints":{"allow":["GET"]}}],"collection":[{"href":"https:\/\/valmy1792.org\/index.php?rest_route=\/wp\/v2\/pages"}],"about":[{"href":"https:\/\/valmy1792.org\/index.php?rest_route=\/wp\/v2\/types\/page"}],"author":[{"embeddable":true,"href":"https:\/\/valmy1792.org\/index.php?rest_route=\/wp\/v2\/users\/1"}],"replies":[{"embeddable":true,"href":"https:\/\/valmy1792.org\/index.php?rest_route=%2Fwp%2Fv2%2Fcomments&post=33"}],"version-history":[{"count":7,"href":"https:\/\/valmy1792.org\/index.php?rest_route=\/wp\/v2\/pages\/33\/revisions"}],"predecessor-version":[{"id":557,"href":"https:\/\/valmy1792.org\/index.php?rest_route=\/wp\/v2\/pages\/33\/revisions\/557"}],"wp:featuredmedia":[{"embeddable":true,"href":"https:\/\/valmy1792.org\/index.php?rest_route=\/wp\/v2\/media\/173"}],"wp:attachment":[{"href":"https:\/\/valmy1792.org\/index.php?rest_route=%2Fwp%2Fv2%2Fmedia&parent=33"}],"curies":[{"name":"wp","href":"https:\/\/api.w.org\/{rel}","templated":true}]}}