{"id":24,"date":"2022-02-10T20:19:45","date_gmt":"2022-02-10T19:19:45","guid":{"rendered":"http:\/\/valmy1792.org\/?page_id=24"},"modified":"2025-04-27T19:05:50","modified_gmt":"2025-04-27T17:05:50","slug":"valeurs","status":"publish","type":"page","link":"https:\/\/valmy1792.org\/?page_id=24","title":{"rendered":"Valeurs"},"content":{"rendered":"\n<p>La <a href=\"https:\/\/valmy1792.org\/?page_id=18\">Franc-ma\u00e7onnerie<\/a> s&rsquo;appuie sur les valeurs de la <a href=\"https:\/\/valmy1792.org\/?page_id=16\">r\u00e9publique<\/a>.<\/p>\n\n\n\n<p>Elle adh\u00e8re totalement \u00e0 une conception <strong>humaniste et universaliste<\/strong> de la soci\u00e9t\u00e9 qui doit se traduire dans les travaux de ses membres produits lors des <a href=\"https:\/\/valmy1792.org\/?page_id=29\">r\u00e9unions<\/a>.<\/p>\n\n\n\n<p>Les<a href=\"https:\/\/valmy1792.org\/?page_id=591(ouvre un nouvel onglet)\"> valeurs<\/a> de la <a href=\"https:\/\/valmy1792.org\/?page_id=18\">Franc-ma\u00e7onnerie<\/a> sont d\u00e9velopp\u00e9es dans les pages qui apparaissent dans les menus sous le pr\u00e9sent titre.<\/p>\n\n\n\n<p>Son fonctionnement est d\u00e9mocratique aussi bien au niveau national qu&rsquo;en <a href=\"https:\/\/valmy1792.org\/?page_id=26\">loge<\/a>.<\/p>\n","protected":false},"excerpt":{"rendered":"<p>La Franc-ma\u00e7onnerie s&rsquo;appuie sur les valeurs de la r\u00e9publique. Elle adh\u00e8re totalement \u00e0 une conception humaniste et universaliste de la soci\u00e9t\u00e9 qui doit se traduire dans les travaux de ses membres produits lors des r\u00e9unions. Les valeurs de la Franc-ma\u00e7onnerie sont d\u00e9velopp\u00e9es dans les pages qui apparaissent dans les menus sous le pr\u00e9sent titre. Son [&hellip;]<\/p>\n","protected":false},"author":1,"featured_media":160,"parent":0,"menu_order":0,"comment_status":"closed","ping_status":"closed","template":"","meta":{"footnotes":""},"class_list":["post-24","page","type-page","status-publish","has-post-thumbnail","hentry"],"_links":{"self":[{"href":"https:\/\/valmy1792.org\/index.php?rest_route=\/wp\/v2\/pages\/24","targetHints":{"allow":["GET"]}}],"collection":[{"href":"https:\/\/valmy1792.org\/index.php?rest_route=\/wp\/v2\/pages"}],"about":[{"href":"https:\/\/valmy1792.org\/index.php?rest_route=\/wp\/v2\/types\/page"}],"author":[{"embeddable":true,"href":"https:\/\/valmy1792.org\/index.php?rest_route=\/wp\/v2\/users\/1"}],"replies":[{"embeddable":true,"href":"https:\/\/valmy1792.org\/index.php?rest_route=%2Fwp%2Fv2%2Fcomments&post=24"}],"version-history":[{"count":10,"href":"https:\/\/valmy1792.org\/index.php?rest_route=\/wp\/v2\/pages\/24\/revisions"}],"predecessor-version":[{"id":836,"href":"https:\/\/valmy1792.org\/index.php?rest_route=\/wp\/v2\/pages\/24\/revisions\/836"}],"wp:featuredmedia":[{"embeddable":true,"href":"https:\/\/valmy1792.org\/index.php?rest_route=\/wp\/v2\/media\/160"}],"wp:attachment":[{"href":"https:\/\/valmy1792.org\/index.php?rest_route=%2Fwp%2Fv2%2Fmedia&parent=24"}],"curies":[{"name":"wp","href":"https:\/\/api.w.org\/{rel}","templated":true}]}}